?
False
Is 108626219287 composite?
False
Is 28095302731 a prime number?
True
Is 2520230519 a composite number?
False
Is 271919003 prime?
True
Is 2897540473 composite?
True
Is 127539497 a prime number?
True
Is 5302205827 prime?
False
Is 49880414917 composite?
False
Is 12267174961 prime?
True
Is 45075864973 a prime number?
False
Is 22074632747 a prime number?
False
Is 62309290279 prime?
True
Is 31871848139 a composite number?
False
Is 2292773246 composite?
True
Is 446151367 prime?
False
Is 52704803429 composite?
True
Is 3328329871 composite?
True
Is 14260476946 prime?
False
Is 66543844271 prime?
True
Is 5482088831 a prime number?
False
Is 15837209081 prime?
False
Is 63778111 a composite number?
False
Is 107582027191 a prime number?
True
Is 3672533387 prime?
True
Is 1425365231 composite?
False
Is 26203686917 a composite number?
False
Is 1651151189 composite?
False
Is 15268174967 composite?
False
Is 978105529 a prime number?
True
Is 1525028689 a composite number?
False
Is 1079181101 a prime number?
True
Is 461471453 a composite number?
True
Is 934837151 prime?
True
Is 10068457631 composite?
True
Is 280091111 a prime number?
True
Is 5793617701 a prime number?
True
Is 35504182289 composite?
False
Is 1021775389667 composite?
False
Is 65395446293 a composite number?
False
Is 12588890185 composite?
True
Is 2933244043 a prime number?
True
Is 39939872321 prime?
False
Is 845128811 a prime number?
False
Is 579251587 a prime number?
True
Is 1730609977 a composite number?
False
Is 5951119481 a prime number?
True
Is 1646236058 a composite number?
True
Is 245353429 prime?
True
Is 30803741 prime?
True
Is 2321206761 a prime number?
False
Is 1362707953 prime?
False
Is 25047255923 a composite number?
True
Is 244104097 a composite number?
False
Is 236804539 a composite number?
False
Is 171894703 composite?
True
Is 6265554707 a prime number?
True
Is 1160977589 prime?
True
Is 15133278217 composite?
True
Is 1911271 prime?
False
Is 3501760165 a composite number?
True
Is 34144126351 composite?
False
Is 20831485333 a composite number?
True
Is 12610377617 a prime number?
True
Is 614272073 a composite number?
True
Is 7504528121 composite?
False
Is 275109145709 a prime number?
True
Is 133934011 a composite number?
True
Is 1268551231 prime?
False
Is 637373897 a composite number?
False
Is 1999200151 prime?
False
Is 11348598133 a prime number?
True
Is 158857041913 a composite number?
False
Is 6216651379 a composite number?
False
Is 3912625621 a prime number?
True
Is 125506775941 composite?
True
Is 2202830939 composite?
False
Is 1855763813 prime?
True
Is 47852139299 prime?
False
Is 14230825157 a composite number?
False
Is 4942516283 prime?
True
Is 6511607489 prime?
False
Is 12631118977 a composite number?
True
Is 18874734317 a composite number?
False
Is 824701222 prime?
False
Is 19922085347 a composite number?
True
Is 23906267447 prime?
True
Is 1273174549 a composite number?
False
Is 583017733 a prime number?
True
Is 18364530133 a prime number?
False
Is 4966139561 prime?
True
Is 249631771 a prime number?
True
Is 546707657 prime?
True
Is 1977626123 composite?
True
Is 2844864641 a prime number?
False
Is 6749682983 composite?
True
Is 3610751399 composite?
False
Is 984267523 prime?
False
Is 185870549 a composite number?
False
Is 42590798659 a prime number?
False
Is 1069347707 prime?
True
Is 18522002821 composite?
True
Is 974070109 prime?
True
Is 45138102869 prime?
False
Is 17370905681 a prime number?
True
Is 7508931707 composite?
False
Is 4689647617 a composite number?
False
Is 2330518747 prime?
True
Is 2535787127 prime?
True
Is 321293821 a composite number?
False
Is 82019294891 a prime number?
True
Is 1018058203 prime?
True
Is 19598445781 a composite number?
False
Is 20914144409 a composite number?
True
Is 26731145579 a prime number?
True
Is 15618643133 prime?
False
Is 97135249 prime?
False
Is 44381690107 a prime number?
True
Is 4023667261 composite?
False
Is 1230592877 a prime number?
False
Is 7717854437 a composite number?
True
Is 9258169307 a prime number?
False
Is 40170929213 prime?
False
Is 5985001493 composite?
True
Is 6591000577 composite?
True
Is 7754002279 a prime number?
True
Is 57494393 composite?
True
Is 2302948789 a prime number?
False
Is 17267735605 prime?
False
Is 602896405 a prime number?
False
Is 20034673979 prime?
True
Is 24169714379 prime?
True
Is 39176462921 a prime number?
True
Is 1918185217 prime?
False
Is 2073936937 prime?
True
Is 1178622113 a prime number?
False
Is 29421739 a prime number?
False
Is 3464761303 a prime number?
True
Is 5341799 a prime number?
False
Is 100301548601 composite?
False
Is 15800046953 composite?
True
Is 27283611101 composite?
True
Is 3637603799 a prime number?
False
Is 1484849 a composite number?
False
Is 19750656103 a composite number?
True
Is 379370141 a composite number?
True
Is 660831779 prime?
True
Is 36239818159 prime?
False
Is 649575655 a prime number?
False
Is 4252294859 prime?
True
Is 865137238241 a prime number?
True
Is 241387914517 a prime number?
True
Is 20387491013 prime?
True
Is 12702029903 prime?
False
Is 23933741627 a composite number?
False
Is 5397668641 composite?
True
Is 42906561157 a composite number?
True
Is 16676533733 prime?
False
Is 787162409 a composite number?
True
Is 41117859691 a composite number?
False
Is 1583626691 a composite number?
False
Is 6562279351 prime?
True
Is 61671992234 prime?
False
Is 147437273 a prime number?
True
Is 54244312099 prime?
True
Is 76904369 composite?
False
Is 10170875357 prime?
True
Is 4509530159 composite?
True
Is 39433979813 prime?
False
Is 986656751 prime?
True
Is 36763817 a composite number?
False
Is 2651885683 composite?
False
Is 2035713259 a composite number?
True
Is 285285193 composite?
True
Is 3749683159 a prime number?
False
Is 287287489 prime?
False
Is 285123697171 prime?
False
Is 28131621733 prime?
True
Is 143922717779 prime?
True
Is 41914848397 prime?
True
Is 6088766455 a prime number?
False
Is 2130033077 a composite number?
False
Is 7838002237 prime?
False
Is 42080670902 composite?
True
Is 9996719417 prime?
True
Is 4480989943 a composite number?
True
Is 435288934 prime?
False
Is 4270371265 prime?
False
Is 4105470443 a composite number?
False
Is 1101078403 prime?
False
Is 1430625787 prime?
False
Is 45540752531 prime?
False
Is 23426950639 composite?
True
Is 13863584837 a composite number?
True
Is 685634141 a composite number?
False
Is 67455169885 composite?
True
Is 851561791 prime?
True
Is 1279316027 composite?
True
Is 5521178239 composite?
False
Is 10224177959 composite?
True
Is 2936085577 a prime number?
False
Is 266934551 a composite number?
True
Is 2358911647 composite?
True
Is 140412329 composite?
True
Is 116749613 a composite number?
True
Is 84422109203 a prime number?
True
Is 1250902987 prime?
True
Is 673748263 prime?
True
Is 457071697 composite?
True
Is 1563142661 a prime number?
True
Is 165107162071 prime?
True
Is 1225838513 a prime number?
True
Is 45548996921 a composite number?
True
Is 52529369 composite?
True
Is 1202748919 prime?
True
Is 21290536997 a prime number?
True
Is 1850055239 prime?
True
Is 1177456051 a composite number?
False
Is 6471145211 prime?
True
Is 91056225179 a composite number?
True
Is 508718359 composite?
False
Is 5006851589 a prime number?
True
Is 147998093 prime?
True
Is 768972899 a prime number?
True
Is 531641519 prime?
True
Is 11796995729 composite?
False
Is 563738473 a composite number?
True
Is 4550060401 composite?
True
Is 3101915249 prime?
True
Is 2330779211 a composite number?
False
Is 457479157 a composite number?
True
Is 125359291 composite?
True
Is 975503411 a composite number?
False
Is 21483834919 a composite number?
True
Is 710646239 a prime number?
False
Is 267150888391 a composite number?
True
Is 54816353 a composite number?
True
Is 818506607 prime?
False
Is 13883246171 a composite number?
False
Is 56904676737 a prime number?
False
Is 406403801 a composite number?
True
Is 134279423 a composite number?
True
Is 84130374589 prime?
False
Is 568716041 composite?
False
Is 574201799 prime?
True
Is 1396875409 a composite number?
False
Is 853757461 prime?
True
Is 2549215379 composite?
True
Is 87992077 a composite number?
True
Is 497987213 prime?
True
Is 1115792141 a composite number?
False
Is 142275979 composite?
False
Is 7439